 o be j(4). List the prime factors of d(o).
5
Let h(x) = -110*x + 19. List the prime factors of h(-3).
349
Let d = -715 + 1406. Let g = d + -435. What are the prime factors of g?
2
Let h be (-3 + 1 + -4)*-1. Suppose 210 = -q + h*q. List the prime factors of q.
2, 3, 7
Let j(l) = -l**2 - 7*l - 12. Let q be j(-5). Let z be ((-16)/32)/(q/40). What are the prime factors of z/((-1)/9*-2)?
3, 5
Suppose -7*m = -10089 - 257. What are the prime factors of m?
2, 739
Let k = -1121 + 1093. Suppose -31 = -q + 26. Let g = q + k. List the prime factors of g.
29
Let r(t) = 19*t + 135. List the prime factors of r(13).
2, 191
Let j be ((-18)/21)/(2/(-14)). Let s = j + 55. List the prime factors of s.
61
Suppose 3*a = -64*l + 62*l + 5769, a + 14431 = 5*l. What are the prime factors of l?
2, 3, 13, 37
Suppose -g + 101 = 20. Let a(x) = -x**3 - 9*x**2 + 9*x - 4. Let v be a(-10). Suppose 3*j - 81 = -r, -3*j + v*r - 2*r + g = 0. List the prime factors of j.
3
Suppose -4*y = -32 - 28. Let d(f) = 23*f + 93. Let i be d(-4). Let w = y + i. What are the prime factors of w?
2
List the prime factors of (-3 - 0 - -276) + 6.
3, 31
Suppose 6*t - 720 = 2*t. Let h = t - 93. List the prime factors of h.
3, 29
Suppose 3*a - 34 = -k + 98, 0 = -3*a + 2*k + 123. Suppose -2*h - 103 = -3*d, 2*h - 162 + a = -3*d. What are the prime factors of d?
37
Let v be 4/8 - 46/(-4). What are the prime factors of (-85)/(-20)*v*1?
3, 17
Let k(p) = 2*p**2 - 4*p - 6. Let f be k(5). List the prime factors of (276/8)/(9/f).
2, 23
Suppose -3*l - c - c = 13, 5*l + 5*c + 20 = 0. What are the prime factors of -4*-135*l/(-20)?
3, 5
Let k(y) = 30*y**3 + 3*y**2 - 9. What are the prime factors of k(4)?
3, 653
What are the prime factors of (-15)/105 + 14955/21?
2, 89
Let m be (-4)/(8/10)*(-6)/5. Suppose -m*s = -107 + 11. List the prime factors of s.
2
Suppose -22 = -5*o - 2. Suppose 0 = o*c - 5*u - 217 - 160, -2*u - 362 = -4*c. What are the prime factors of c?
2, 11
Let h = 2 - 4. Let c = 3 - h. What are the prime factors of ((-6)/(-2) - 2)*c?
5
Suppose -602 = -4*a + 5*x, 5 - 15 = 5*x. Suppose a + 52 = 4*u. List the prime factors of u.
2, 5
Suppose b - 21 = 99. Suppose -462 = -6*a - b. What are the prime factors of a?
3, 19
Suppose -14*o + 1823 = -13*o. List the prime factors of o.
1823
Suppose s - 9 + 8 = 0, 3*c - 7557 = -3*s. What are the prime factors of c?
2, 1259
Let t(l) be the second derivative of l**5/20 + l**4/2 + 5*l**3/6 + l**2 + l. Let j be t(-5). List the prime factors of (j + -1)/(2/32).
2
Suppose -4*r + 3*l = l - 40, 3*l - 30 = -4*r. Let o = r + -5. Suppose 2*a - 29 = -v - o, 2*v = 4*a + 82. List the prime factors of v.
3, 11
Suppose 0 = -s - 3*m + 1220, -8*s - 4*m + 1221 = -7*s. What are the prime factors of s?
1217
Suppose 0 = -3*b + b - 3*f - 96, 3*f - 261 = 5*b. Let w = b + 87. List the prime factors of w.
2, 3
Let c = 4 - -1. What are the prime factors of c/(75/(-96))*-10?
2
Let b(a) = -a + 3. Let h be b(-6). Suppose m = -1 - h. List the prime factors of (18/5)/((-2)/m).
2, 3
Let z(k) = k - 9. Let n(a) = -1. Let o(q) = 22*n(q) - 2*z(q). Let u be (21/9 - 1)*-3. List the prime factors of o(u).
2
Let s(z) = 157*z + 27. What are the prime factors of s(4)?
5, 131
Let b(j) = -3*j + 5*j - 4*j + j + 17. Let v be 10 + ((-3)/(-3))/(-1). List the prime factors of b(v).
2
Let b(j) = 6*j**2 + 66*j - 575. List the prime factors of b(-38).
5581
List the prime factors of (-76704)/(-192) - ((-2)/(-4))/(-1).
2, 5
Suppose 0 = 4*w - 3*x - 18, x + 8 = 4*w - 14. Let l be (-2)/((2 - w)/4). Suppose 0 = 2*p - l*q - 50, 0*p = 2*p - 3*q - 54. What are the prime factors of p?
3, 7
Let v = 7378 + -3660. List the prime factors of v.
2, 11, 13
Suppose -4*b = 3*s - 157, -3*b + 2*s + 123 = -s. Let g be b + (-5)/(-4 - 1). Suppose a = 2*a - g. List the prime factors of a.
41
Let t(v) = v**2 - 10*v + 28. Let m be t(8). Suppose m*q - 161 = 1615. What are the prime factors of q?
2, 37
What are the prime factors of (-21921)/(-5) - 80/400?
2, 137
List the prime factors of 4011 + 0 - (15 + -5).
4001
Suppose -5*m + 4*y - 27492 = 0, -4*m - 16504 - 5495 = -5*y. What are the prime factors of m/32*12/(-9)?
229
Let l be (0 - -3)*(-3 + 1 + 3). Suppose 0 = -4*z + l*z + 1, -4*x = 4*z - 356. What are the prime factors of x?
2, 11
Suppose -15 = -3*t - 3. Suppose 0 = 5*c + 4*v - 485, 0 = -t*c - v + 263 + 125. List the prime factors of c.
97
Suppose 0 = 2*y - 210 - 82. List the prime factors of y.
2, 73
Let r(d) = 4*d + 12. Let x be r(-3). Suppose 0 = -5*z + f + 307, -z - 2*z + 2*f + 180 = x. What are the prime factors of z?
2, 31
Suppose -3*n - 12 = n. Let s be (8/6)/((-2)/n). Suppose 4*k = s*k + 78. What are the prime factors of k?
3, 13
Suppose 5*l + 13 - 138 = 0. Suppose -4*r + 140 = h + h, 2*h + 148 = 4*r. Let w = r - l. What are the prime factors of w?
11
Let o(q) = -q**3 + 8*q**2 - 5*q - 14. Let t be o(7). Suppose -8*w + 11*w - 774 = t. List the prime factors of w.
2, 3, 43
Suppose -c + 6 = 7. Let w be -36*(c + -1)*1. Suppose -w = -8*v + 5*v. List the prime factors of v.
2, 3
Let m = 17 - 11. Suppose 3*q - 39 = m*q. Let x = -7 - q. List the prime factors of x.
2, 3
Let q = 678 + -347. List the prime factors of q.
331
Suppose 2*d - 4*y + 28 = 0, -9*d = -11*d + y - 16. Let o = 0 - -1. List the prime factors of d/o*(-80)/32.
3, 5
Suppose -l - j + 200 = -315, 4*l - 2025 = 3*j. What are the prime factors of l?
2, 3, 5, 17
Suppose r + 5*l - 616 = 0, -5*r + 0*l = -l - 3184. List the prime factors of r.
2, 3, 53
What are the prime factors of 5 + 5031/6 + (-2)/4?
3, 281
Suppose -2*j - 5 = -2*w + 3, 0 = -5*j - 5*w. List the prime factors of j - (-1 + 0) - -43*2.
5, 17
Let c = -2 - -6. Let z = 61 + -41. Let q = z - c. List the prime factors of q.
2
Let u(x) = 77*x**2 + 12*x - 4. List the prime factors of u(-3).
653
Let x = -190 - -1877. List the prime factors of x.
7, 241
Suppose q + 11 = 5*q + v, 4*q - 5*v - 41 = 0. Suppose -t - q*t + 510 = 4*s, 2*t - 386 = -3*s. List the prime factors of s.
2, 5, 13
Let l(z) = -2*z**3 - 84*z**2 - 62*z + 46. List the prime factors of l(-42).
2, 5, 53
Let n = 4421 - 2577. List the prime factors of n.
2, 461
Suppose -378 = -8*j + 2*j. Let h = -56 + j. List the prime factors of h.
7
Let k(u) = -u**2 - 1. Let p(r) = 7*r**2 - r + 15. Let v(w) = 5*k(w) + p(w). What are the prime factors of v(5)?
5, 11
Let o be 2424/27 + (-6)/(-27). Suppose -2*j + 3*t = -o, 2*j - 5*j = 5*t - 116. List the prime factors of j.
2, 3, 7
Let d be (17 + -22)*(-2)/5. Suppose 10 = d*n, 5*a - 5*n - 152 - 553 = 0. Suppose -4*k - a = -458. List the prime factors of k.
2, 3, 13
Let w(p) = 302*p**3 + p**2 - 15*p + 32. List the prime factors of w(2).
2, 7, 173
Let s(w) = 4 + 2 + 2 - 5 - 13*w. Let k be s(-4). Let t = 122 - k. List the prime factors of t.
67
Let k(x) be the third derivative of -x**7/5040 + 11*x**6/360 + 3*x**5/20 + x**2. Let u(d) be the third derivative of k(d). What are the prime factors of u(9)?
13
Let l(o) = o**3 - 18*o**2 - 19*o + 47. Let v be l(19). Suppose 0 = v*g - 43*g - 416. List the prime factors of g.
2, 13
Let m = -296 + 206. Let k = -130 - m. List the prime factors of 9/1*k/(-60).
2, 3
Let x(y) = 28*y**3 + y**2 - 6*y + 29. List the prime factors of x(3).
2, 97
Let y(m) = 5*m**2 - 10*m + 17. Let j be y(-9). Suppose t - 110 = -4*f, 2*f - f = -5*t + j. List the prime factors of t.
2, 3, 17
Suppose 0 = -0*x + 4*x - 3*m - 38, 3*x - 5*m - 23 = 0. Suppose -x*z = -2202 + 46. What are the prime factors of z?
2, 7
List the prime factors of 16948*(-3)/(-60) + 4/(-10).
7, 11
Suppose -14*j = -15*j - 12. What are the prime factors of 8/j - (-113)/3?
37
Let d = -3335 - -4845. What are the prime factors of d?
2, 5, 151
Let s be (2/3)/((-22)/693). List the prime factors of (-1986)/s*1 + 6/14.
5, 19
Suppose 5*x + 2 = 7. Let v(m) = -19*m - 240. Let j be v(-12). List the prime factors of x*3*(-100)/j.
5
Let y be 1/((-2)/(-460)) + 0. Suppose -2*f - q = -105, f + 4*f - y = 4*q. Suppose 4*o = 70 + f. List the prime factors of o.
2, 3, 5
Let s(b) = 2*b**2 - 2*b - 4. Suppose -2*d = -4*i - 7*d, -3*d = 5*i. Suppose i = -3*q - 3, 2*p = -3*q - 0 + 5. What are the prime factors of s(p)?
2, 5
What are the prime factors of ((-603)/45)/((-1)/5)*1?
67
Let y(f) = -f**2 - 2*f. Let w be y(6). Let m = w + 105. List the prime factors of m.
3, 19
Let m(c) = -